o**2. Calculate h(l).
6
Let v(j) be the second derivative of -11 - j + 0*j**2 + 0*j**3 - 1/12*j**4. What is v(-2)?
-4
Let x(m) = -6 + 3571*m + 3578*m - 7150*m. Let s be (-63)/12 - 1/(-4). Calculate x(s).
-1
Suppose -4 + 10 = 3*m. Let t(o) = m*o**2 - 9*o**2 + 0*o + o**2 - o**3 + 6*o - 6. Give t(-7).
1
Let y(z) = z**3 - 19*z**2 + z - 23. Let r be y(19). Let t(n) = n - 4. Calculate t(r).
-8
Let v(j) = 8*j + 81. Let w(x) = 2*x + 20. Let u(g) = 2*v(g) - 9*w(g). Let z be u(-7). Let p(n) = 2*n + 1. Determine p(z).
-7
Let u(q) = -5*q**2 + q. Let b = 28 - 15. Suppose 3*g = -0*l + 3*l - 9, -4*g = -3*l + b. Calculate u(l).
-6
Let j(b) = 2*b**2 - 66 - 65 + 115 - 19*b. Calculate j(10).
-6
Let g(f) = f**3 + 8*f**2 + 6*f - 8. Let y(a) = a**2 + 5*a - 7. Suppose 5*n + 0*s = s - 5, 0 = 3*n - 3*s + 15. Let w be y(n). Determine g(w).
-1
Let v(r) = r**3 + 4*r**2 - r - 3. Let d be v(-4). Let y(a) be the first derivative of -d - a + 5/2*a**2. Determine y(1).
4
Let j(h) = 3*h**2 - 3. Let c(t) = 14*t**2 + t - 13. Let l(n) = 2*c(n) - 9*j(n). Let s be (-7)/35 + 4/(-5). Calculate l(s).
0
Suppose q - 20 = c - 0*c, -2*q + 63 = -3*c. Let u = 18 + c. Let z(g) = g**2 + 5*g - 2. Let p be z(u). Let l(w) = 2*w**3 - 2*w**2 - 3*w. Calculate l(p).
-18
Let z be -2 - (3 + 3 + -3). Let w be (z/2 + 3)*14. Let n = w - 4. Let a(l) = -l**3 + 4*l**2 - 2*l - 3. Calculate a(n).
0
Let u(l) = 4*l - 2. Let y(s) = -1. Let h(b) = u(b) + y(b). Let a be 2/10*12 - 102/(-170). Determine h(a).
9
Let j(g) = 4*g**2 + 3*g + 2. Let d = -10 + 17. Suppose d = -6*p - 5. What is j(p)?
12
Let p(s) = 36*s + 1053. Let a be p(-29). Let z(y) be the first derivative of y**2 - 12*y - 1. Calculate z(a).
6
Let x(w) = -5*w**3 - 20*w**2 + 7*w - 26. Let c(i) = -14*i**3 - 59*i**2 + 22*i - 73. Let m(q) = 6*c(q) - 17*x(q). Determine m(13).
4
Let c(m) = m**2 - 8*m + 8. Let h be c(8). Let n(k) = -k**3 + 8*k**2 - 2*k + 6. Give n(h).
-10
Let k(l) be the first derivative of l**7/840 - l**6/90 - l**4/12 + l**3 - 8. Let w(t) be the third derivative of k(t). Let b = -3 - -7. What is w(b)?
-2
Suppose -21 = 6*a - 3. Let r(o) = 5*o**2 + 3*o - 2. Determine r(a).
34
Let a(j) = 6*j**2 + 5*j - 3. Let t(d) = 3*d**2 + 3*d - 2. Let c(o) = 6*a(o) - 10*t(o). Let q(b) = 7*b**2 + b + 3. Let i(g) = 6*c(g) - 5*q(g). Give i(4).
-7
Let l(p) = -25 - 15 + 36 - 2*p + 9*p. What is l(6)?
38
Let k(y) = y**3 - 6*y**2 - 11*y - 6. Suppose 23*r = -5*a + 25*r + 46, r + 3 = 0. Calculate k(a).
34
Let x(y) be the first derivative of -2*y**3/3 - y**2/2 + 17. Let m(w) = w**2 - 5*w - 2. Let u be m(5). What is x(u)?
-6
Let s = -323 + 337. Let p(i) = -i**2 + 15*i - 12. What is p(s)?
2
Let q = 1629 - 1633. Let d(v) = -3*v**2 - 12*v + 3. Determine d(q).
3
Let d = -603 - -604. Let b(i) = 6*i + 1. Give b(d).
7
Let p(l) = -587 - 5*l**2 + 2*l + 296 + 294 - 2*l**3. What is p(-4)?
43
Let r = 1080 - 1067. Let n(p) be the first derivative of 7 - r*p + 1/2*p**2. Determine n(6).
-7
Let x(c) = 4*c**2 - 3*c + 3*c + c. Let a be x(1). Let t(s) = 7*s**2 + 5*s - 45 - s**3 - 37 + 84 - 3*s**2. Determine t(a).
2
Let m = -5 - -11. Let p(k) = 13*k**2 + 5*k - 3 - 5*k - 14*k**2 + 7*k. Determine p(m).
3
Let o(q) be the second derivative of -q**3/2 + q**2/2 - 71*q. What is o(-3)?
10
Suppose 30 + 57 = 29*v. Let x(r) = 6*r. What is x(v)?
18
Let n(f) = -3*f + 19*f**2 - 1 + 17*f**2 - 2*f - 35*f**2. Determine n(6).
5
Let y(f) = 13 + 14 + f**2 - 33 + 35 + 11*f. What is y(-5)?
-1
Let j(w) = 4*w + 2. Let x(o) = o**3 + 14*o**2 - 11*o - 28. Let b be x(-14). Let l = b - 122. What is j(l)?
18
Let k = 110 + -83. Let q(y) = -3 - 27*y + k*y - 19*y + 2. Calculate q(1).
-20
Let d be (-40)/(-15) + (-6)/9. Let x(s) = -s - 3*s + 1 + 0*s + d*s. Calculate x(5).
-9
Let b(u) = -30*u**3 - 10*u**2 - 2*u + 3. Let c(g) = 10*g**3 + 4*g**2 + g - 1. Let s(d) = 3*b(d) + 8*c(d). Give s(-1).
11
Let v = 54 - 54. Let j(k) be the first derivative of -8*k + 3 - 1/2*k**2. What is j(v)?
-8
Let s(o) = -6. Let z(h) = 7*h - 2. Let y(d) = -2*s(d) + z(d). Give y(-3).
-11
Let m(f) = -3*f**3 - 6*f**2 - 15*f - 8. Let s(k) = -4*k**3 - 5*k**2 - 18*k - 7. Let a(q) = -3*m(q) + 2*s(q). Let p = -1 - -2. Let x = p + -8. Determine a(x).
-4
Suppose 0 = q - 5*q + 8. Let c(n) = 3*n**q - n - 3*n**3 + 4*n**3 + 6*n**2 - 2. Determine c(-9).
7
Let u(j) = -13*j - 9. Let z(o) = -o**2 + 3*o + 4. Let x be z(5). Let b(r) = -7*r - 5. Let m(t) = x*u(t) + 11*b(t). Give m(1).
0
Let l = -9 + 14. Let t = 10 - l. Let o(f) = -t*f**2 + 0*f - f + 7*f**2 - f**2. What is o(3)?
6
Let w(r) = -27*r - 67. Let f(d) = 13*d + 31. Let p(b) = -13*f(b) - 6*w(b). Let q(v) = -v**2 - 11*v - 1. Let g be q(-11). Determine p(g).
6
Let s(c) = -c**3 - 4*c**2 - 2*c - 5. Let p = 86 + -89. Let w(f) = f**3 + 4*f**2 + 3*f - 4. Let m be w(p). Determine s(m).
3
Let n(x) = -x**3 - 2*x**2 + 4*x. Let a(t) be the third derivative of -t**4/24 + 13*t**3/6 + 14*t**2. Let i be a(16). Calculate n(i).
-3
Let b(d) = -1848 - 2*d + 1847 - d. Suppose 0*m - 6 = -2*m. What is b(m)?
-10
Let y be (18/15)/((-3)/(-10)). Let v be 4*-9*1/y. Let a = v + 4. Let l(c) = -c**2 - 3*c + 3. Determine l(a).
-7
Let z(f) = 0 - 6 - 12*f + 2 + 22*f - 13*f. Give z(-3).
5
Let w = 18 - 5. Let k(o) = -12*o**2 - w - o + 11*o**2 + 3. Give k(0).
-10
Suppose -72 = -9*k - 0*k. Let p(i) = -2*i**3 - 3*i**2 - i**3 + 5 + k*i**2 + 3*i + 4*i**3. Calculate p(-4).
9
Let l(c) = -2*c + 2. Let m = -119 + 124. Determine l(m).
-8
Let a(j) = -2*j - 19*j**3 + 9*j**3 + 6 + 3*j**3 + 2*j**2. Let u(c) = -6*c**3 + c**2 - c + 5. Let z(h) = -5*a(h) + 6*u(h). Determine z(-5).
5
Let v(c) be the second derivative of c**3/6 + 19*c**2/2 - 2*c + 9. What is v(-8)?
11
Let m(c) = c**2 + 4*c. Let s(u) = u**3 - 13*u**2 - 4*u + 9. Let v be s(13). Let n = 38 + v. What is m(n)?
5
Suppose -12*w - 3*o - 123 = -11*w, -2*w - 3*o = 255. Let n = w - -130. Let c(h) = 2*h. Calculate c(n).
-4
Let x(m) = -5*m - 2*m - 1 - m - 9*m. Let g be 4 - 4*((-9)/(-12))/1. Determine x(g).
-18
Let j(v) be the first derivative of v**4/24 + 5*v**3/3 + 7*v**2 + 10. Let s(d) be the second derivative of j(d). Let b be s(-6). Let n(k) = 2*k. Calculate n(b).
8
Let a = -1762 - -1760. Let s(d) be the second derivative of d**3/3 + d**2/2 - 3*d. Determine s(a).
-3
Let d(b) be the second derivative of -b**5/20 - 3*b**4/4 - 11*b**3/6 - 27*b**2/2 + 25*b. Let c be d(-8). Let h(a) = a**3 + 4*a**2 + 3*a - 3. Calculate h(c).
-3
Let a = -7 - -9. Suppose 0 = -a*h + 5*h - 15. Let l(n) = 3*n**2 - 4*n - 4. Let m(i) = i**2 - i. Let b(g) = l(g) - 2*m(g). Give b(h).
11
Let g be ((-4)/(-14))/((-1)/(-7)). Suppose 6*k = -g*k - 16. Let s be (k - -4)*1*-2. Let l(t) = t**2 + 4*t - 1. What is l(s)?
-1
Let d be -96 - ((-65)/(-15) + 3/(-9)). Let m = d - -101. Let l(z) be the third derivative of z**6/24 - z**4/12 + z**3/6 + z**2. Determine l(m).
4
Let j(g) = -4*g + 29. Suppose 24 = 3*w + l, 13*l = 10*l. Determine j(w).
-3
Let k(g) = -13*g - 58. Let n(v) = 5*v + 19. Let t(r) = -3*k(r) - 8*n(r). Give t(22).
0
Let i = -8 + 10. Let g(f) = -8 + i*f - 10 + 18 - 2. Give g(5).
8
Let f(b) be the second derivative of -b**3/3 - b**2 + 3*b. Let j(s) = 17*s + 15. Let o be j(-3). Let l = o - -39. Give f(l).
-8
Let r(p) = -27*p + 1. Let t(z) = z**2 + 6*z - 6. Let s be t(-7). Let u(w) = -w**2 + 3*w - 3. Let l be u(s). Calculate r(l).
28
Let z(u) = -2*u + 4*u - u. Suppose 2 = c + 4. Determine z(c).
-2
Let v(o) be the second derivative of o**4/12 - o**3 - 5*o**2/2 - 9*o. Let s = 264 - 258. Calculate v(s).
-5
Let d(j) = j - 1. Let n = 2 + 0. Suppose -25*q = -23*q - 8. Suppose -q*o = 3*f - n*o - 18, 4*f - 31 = -5*o. Determine d(f).
3
Let x(z) = 6*z**2 - 2*z - 1. Let t(w) = 3*w**2 - 5*w + 7. Let j be t(6). Let v = 84 - j. Calculate x(v).
7
Let t(x) = -x**2 - 4*x + 8. Let z(m) = -m**2 - 4*m + 7. Let a(p) = -5*t(p) + 4*z(p). Determine a(-5).
-7
Let j(d) = 10*d**2 + 2 - d**3 - 8 - d**2 + 2*d - 10*d. Calculate j(8).
-6
Let l(k) = -7*k**3 + k**2 + k - 1. Let g = -5 - -6. Let c be l(g). Let z(n) be the second derivative of n**3/6 + 9*n**2/2 + 2*n + 310. Give z(c).
3
Let y(d) = -d**2 - 14*d + 10. Let a = 98 - 113. Calculate y(a).
-5
Let c(t) = 6. Let z(q) = q + 5. Let f(d) = -5*c(d) + 6*z(d). Let p = -361 - -363. Calculate f(p).
12
Let z(l) = l + 1. Let p(t) = 5*t + 5. Let h = 103 + -97. Let n(f) = h*z(f) - p(f). What is n(2)?
3
Let v(z) = 3*z + 5. Let x be 